 15, 36 = 5*c + 3*s. Calculate the remainder when u is divided by c.
4
Let o be (2 - 32)/(6/(-8)). Suppose 0 = -0*q + 5*q + o. Let j = q - -21. Calculate the remainder when j is divided by 8.
5
Let q be 2 - (-1 + 2 + 1). Suppose q = -x - 2*x. Let h = 2 + x. Calculate the remainder when 2 is divided by h.
0
Let x be (-109)/3 - (-2)/6. Let a = x + 61. What is the remainder when a is divided by (-234)/(-27)*6/4?
12
Suppose 0 = 5*y + 36 - 121. Suppose -5*n + 132 = -n. Calculate the remainder when n is divided by y.
16
Calculate the remainder when (4 - 2) + -3 + 44 is divided by 11.
10
Let i = -13 - -34. Let w = 24 + -18. Calculate the remainder when i is divided by w.
3
Suppose 0 = 5*r - 2*b - 140 + 403, 4*r + b + 200 = 0. Let c = -13 - r. What is the remainder when c is divided by 13?
12
Let x = -6 + 14. What is the remainder when x is divided by 3?
2
Suppose -8 = -4*h - 2*t, -5*t = 5*h - 10*h + 10. Let w = 5 - h. Suppose 0 = 2*x - w*d - 27, -x - 2 = -4*d - 3. Calculate the remainder when x is divided by 6.
3
Let i(u) = -3*u + 1. Let j be i(1). Let w be j/10 - 4/(-20). Suppose -5*q + 0*q + 20 = w. Calculate the remainder when 10 is divided by q.
2
Suppose -i + 3 + 2 = 0. Let w(l) = -l**2 + 5*l. Let f be w(i). Let r(k) = -k**3 - k**2 + 7. What is the remainder when 13 is divided by r(f)?
6
Let p = -106 + 112. Calculate the remainder when p is divided by 3.
0
Suppose -3*q = -3*b + 27, 5*b + 3*q + 3 = 2*b. What is the remainder when 5 is divided by b?
1
Suppose -61 - 27 = -4*f. Suppose -u - u - 4 = 0. Calculate the remainder when f is divided by u + (-9)/(-3) + 7.
6
Calculate the remainder when (-65 + (-4)/(-4))*(-2 + 1) is divided by 17.
13
Calculate the remainder when 10 is divided by 2/9 + 520/90.
4
Suppose 3*g - 51 = -0. Let x = 4 - -1. Calculate the remainder when g is divided by x.
2
Let i(j) = j**2 - 8*j + 7. Let q be 3*(-1)/(-1 + 0). Suppose -r = l - 5, 0 = r - q*l - 1 - 24. What is the remainder when i(r) is divided by 10?
7
Suppose 3*n - 113 = -0*q - 4*q, 0 = 3*n + q - 98. Suppose 2*z - 6*z = -3*b + 36, -3*b = 2*z - 18. Calculate the remainder when n is divided by b.
7
Let t(y) = y**2 + y + 18. Calculate the remainder when 35 is divided by t(0).
17
Suppose 2*g - 2 = g. Suppose 0 = -2*u - 5*n + 58, 5*u = g*u + n + 87. What is the remainder when u is divided by 16?
13
Let g(j) = j + 1. Let q(c) = c + 1. Let x(f) = -g(f) + 2*q(f). Let b(k) = 17*k**2 - 2*k + 3. What is the remainder when b(2) is divided by x(22)?
21
Suppose 3*p + p - 4 = 0. What is the remainder when (-24)/(-9) - (2 - (-14)/(-6)) is divided by p?
0
Let s(k) = k**2 - 8*k + 14. What is the remainder when 6 is divided by s(6)?
0
What is the remainder when 65 is divided by (4/(-5))/(2034/255 - 8)?
31
What is the remainder when (-24)/(-2) - (-1 + 1) is divided by 7?
5
Let x = -1 - 43. Let y = x - -86. Let i = -17 + y. Calculate the remainder when i is divided by 9.
7
Suppose -16 + 56 = 2*a. Suppose 7*c = -4*r + 4*c + 34, 0 = r + 4*c - 15. Calculate the remainder when a is divided by r.
6
Let b = 253 + -158. What is the remainder when b is divided by 32?
31
Let b = 45 + 30. Calculate the remainder when b is divided by 7.
5
Suppose 104 = -q + 5*q. What is the remainder when q is divided by ((-18)/1)/(-5 - -3)?
8
Let z = -20 - -34. Let d = 26 + z. Calculate the remainder when d is divided by 21.
19
What is the remainder when 2 is divided by (15/6)/(-5)*-4?
0
Let f(y) = y**3 - 37*y**2 + 36*y + 51. Calculate the remainder when f(36) is divided by 6.
3
Suppose 0 = -4*t + t + 69. Let l(u) = -u**2 - 6*u + 7. Calculate the remainder when t is divided by l(-5).
11
Calculate the remainder when 1 + 1 - (-25 - -2) is divided by 8.
1
Let i = 35 + -20. Let b = 29 - i. What is the remainder when 525/20 + (-1)/4 is divided by b?
12
Calculate the remainder when (-13)/26 + (-77)/(-2) + 0 is divided by 8.
6
Let f = 46 + 1. Calculate the remainder when f is divided by (-2)/4*(-32 + 0).
15
Suppose 11 = i + 4. Suppose i*g = 2*g + 95. What is the remainder when g is divided by 5?
4
Let t(k) = -k**3 + k**2 - k. Let f be t(1). What is the remainder when 1 - f - (-42)/2 is divided by 3*(-12)/(-27)*9?
11
Let a = 164 + -47. Calculate the remainder when a is divided by 24.
21
Suppose 2*h + 84 = 4*n, -3*n - 3*h + 6 = -48. Let w = -103 - -140. What is the remainder when w is divided by n?
17
Let s = 13 - 4. What is the remainder when 32 is divided by s?
5
Let d(u) = 3*u**2 - 2*u + 1. Let z = 5 - 4. Suppose 3*h - 6 - 3 = 0. What is the remainder when h is divided by d(z)?
1
What is the remainder when 35 is divided by 15 + 2 - 4 - 0 - 1?
11
Let f(k) = -5*k**3 - 4*k**2 + 2*k + 9. Calculate the remainder when f(-3) is divided by 13.
11
Let w = -9 + 36. What is the remainder when w is divided by 6?
3
Let y(m) = m**3 - m + 5. Suppose -4*u + 2*u = -n, -5*n + 14 = -3*u. Let h = 7 - n. What is the remainder when y(0) is divided by h?
2
Let w = -17 + 24. Suppose -2*p + 105 = 5*o, -3*p = -4*p + 5. What is the remainder when o is divided by w?
5
Let l = 3 - 0. Suppose 1 = 2*b + 5*w - 5, -4*w + l = b. Suppose -7*a + 4*a = -21. What is the remainder when a is divided by b?
1
Suppose 3*l - s = 109, 3*l + 3*s - 124 = s. What is the remainder when 73 is divided by l?
35
Let n(z) = -z**3 + 3*z**2 + 2*z - 3. Let v be n(3). Suppose -v*m = -4*l - 96, 24 - 83 = -2*m + l. What is the remainder when m is divided by 10?
8
Let o(r) = r**2 - 2*r + 1. Let u be o(-2). Let h(y) = 2*y**2 - 7*y - 12. What is the remainder when h(u) is divided by 18?
15
Let p(k) = k**3 + 5*k**2 - 7*k - 4. Let a be p(-6). Calculate the remainder when 4 is divided by a/(((-16)/(-6))/4).
1
Let h be (3 - 2)*(-24)/1. Let f = h - -36. Suppose 53 = 5*v - 57. Calculate the remainder when v is divided by f.
10
Let m = 83 - 51. What is the remainder when 61 is divided by m?
29
Let k(g) = -5*g + 6. Let z(u) = u**2 - 6*u + 1. Let q be z(7). Let s be k(q). Let f = s + 48. Calculate the remainder when 27 is divided by f.
13
Calculate the remainder when 23 is divided by (-14)/3*-3 + -1.
10
Suppose 0 = -5*l + 80 + 25. Calculate the remainder when l is divided by 12.
9
What is the remainder when 22 - -8*(-1)/(-2) is divided by 14?
12
Suppose 0 + 12 = s. Calculate the remainder when 45 is divided by s.
9
Let n(h) = -7*h. Suppose -5*w + w = 20. Calculate the remainder when n(w) is divided by 12.
11
Let z = -23 + 42. Calculate the remainder when z is divided by 11.
8
Suppose -5*b - a + 56 = 0, 3*a + 1 = 4*a. Suppose 0 = 4*f - 997 + 357. Suppose q + f = 6*q. Calculate the remainder when q is divided by b.
10
Let w(f) be the first derivative of f**4/4 + 5*f**3/3 - 3*f**2/2 + f + 1. Let d be w(-4). Let x = -21 + d. Calculate the remainder when 22 is divided by x.
6
Let u be ((-21)/(-2))/((-1)/2). Let w be u/(-9) + 2/(-6). Calculate the remainder when ((-14)/(-4) - w)*18 is divided by 14.
13
Let d(t) = -3*t + 11. Calculate the remainder when d(-5) is divided by 9.
8
Let r = -2 + 9. What is the remainder when 4 - (3 - 6 - 4)/1 is divided by r?
4
Suppose 4 = -24*s + 25*s. Let a = 8 + -5. What is the remainder when s is divided by a?
1
Let u be -1*2*1 - -115. Suppose u = 4*n - 47. Let i(c) = -c**2 - 6*c + 5. Calculate the remainder when n is divided by i(-3).
12
Let y(t) = -t + 2. Let r be y(-1). Suppose -2*a - 6 = -r*a. Calculate the remainder when 21 is divided by a.
3
Suppose 7*a - 5*a - 39 = -3*g, -5*g = -3*a - 84. Suppose -3*r - 5*k = -2*r - 4, 31 = 3*r - 4*k. Calculate the remainder when g is divided by r.
6
Let p(y) be the second derivative of 19*y**3/6 - 3*y**2/2 - 3*y. Suppose -2 = -0*l - l. What is the remainder when p(l) is divided by 9?
8
Let k(n) = 3*n. Let v be 4/(-1*(-2)/1). Calculate the remainder when 16 is divided by k(v).
4
Let y = -11 - -11. Let t(m) = m**3 + m**2 + m + 26. Calculate the remainder when 50 is divided by t(y).
24
Let o(q) = -3*q - 6. Let a(m) = -4*m - 6. Let t(b) = 2*a(b) - 3*o(b). Let f be t(-6). Calculate the remainder when 30 - (f + 2 + 1) is divided by 14.
13
What is the remainder when 22 is divided by (-1)/(1 - (-42)/(-39))?
9
Suppose -4*v + 10 + 90 = 0. Calculate the remainder when 99 is divided by v.
24
Suppose 3*a - 1 = 5*r, -5*a + 9 = 2*r - 3*r. Suppose 0 = -3*n - 0*n. Suppose f + n*h - 6 = h, f = -2*h. Calculate the remainder when f is div